(l). Give w(7).
-18
Let k(i) = i**2 + 4*i - 7. Let r be (-8)/(-1) - (3 + 8) - 7. Determine k(r).
53
Let t(o) = o**3 - 16*o**2 + 4. Let c be t(16). Let p(i) = -12*i + 11*i + c - i**2 - 3*i. Give p(-3).
7
Let l(m) = -9*m + 51. Let v = 3148 - 3140. Determine l(v).
-21
Let z(v) = 2096*v + 12552. Let f be z(-6). Let w(q) = -2*q - 42. Give w(f).
6
Let r(z) = -7*z**2 + 6*z + 2. Let i(g) = 8*g**2 - 4*g + 1. Let v(l) = -8*i(l) - 9*r(l). Calculate v(-21).
-5
Let w(o) = -48*o**3 - 10*o**2 - 12*o + 2. Let g(z) = -19*z**3 - 4*z**2 - 5*z + 1. Let q(s) = 5*g(s) - 2*w(s). Suppose -6*r + r - 15 = 0. Give q(r).
-23
Let l(k) = -6*k + 70*k**2 + 23*k - 34*k + 1 + 18*k. Calculate l(-1).
70
Let k(s) be the first derivative of -s**3/3 - 3. Suppose n + 61 - 39 = 0. Let f = n + 24. What is k(f)?
-4
Let w(h) = -h - 48. Let y be w(-53). Let b(a) = a**2 - 3*a + 2. Let r be b(6). Let t(z) = -r*z**3 + 21*z**3 + y*z**2 + z - 5*z**2. Determine t(0).
0
Let b(f) = 5*f - 18. Suppose 2*z + 2*x - 44 = 0, x - 92 = -3*z - 38. What is b(z)?
62
Let r(n) = -6*n**3 + 2*n + 2. Let u(j) = -25*j**3 - j**2 + 6*j - 3. Let p(a) = 4*r(a) - u(a). Calculate p(-3).
-13
Let j be 14/(-5)*(-65)/26. Let v(m) = 2*m + 8. Let n(s) = s + 5. Let b(g) = j*n(g) - 4*v(g). Determine b(4).
-1
Let r(x) = -15*x**3 - 2*x**2 + 1. Let u(a) = a**3 - 7*a**2 - 18*a - 1. Let v(z) = z**3 - z**2 + 9*z - 13. Let m be v(2). Let n be u(m). What is r(n)?
14
Let y(u) = u - 1. Let f be y(-5). Let h(b) be the first derivative of b**3/3 + 2*b**2 - 9*b + 25125. Determine h(f).
3
Let t(y) be the first derivative of -y**3/3 + 9*y**2/2 + 11*y + 6221. Suppose 5*l = -12 + 67. Give t(l).
-11
Let c(r) = -r**2 - 31*r - 8. Suppose 18*i + 345 + 157 = -56. Calculate c(i).
-8
Let j(b) be the third derivative of -3/8*b**4 + 1/60*b**5 + 0 - 13/6*b**3 + 66*b**2 + 0*b. Determine j(12).
23
Let o(t) be the second derivative of -37*t**5/20 - t**4/6 + t**3/2 - t**2 - 3*t + 17. Calculate o(1).
-38
Let h(d) = 15*d - 64. Suppose 2*l + 3*g - 16 = 0, -2*l + 346 = g + 334. Calculate h(l).
11
Let n(q) = -4*q + 33. Suppose 0 = 66*y - 429 - 165. Determine n(y).
-3
Let f(y) = -y**2 + 25*y - 53. Let q be 16/14 - (740/(-259) - 14). What is f(q)?
73
Let a(b) = -926*b + 3696. Let y be a(4). Let n(f) = f**2 + 23*f + 121. What is n(y)?
1
Let o(r) be the second derivative of r**7/2520 - 7*r**6/360 + r**5/60 - 5*r**4/12 - 157*r. Let w(u) be the third derivative of o(u). Determine w(14).
2
Let h(n) = 4*n - 22. Let b(u) = -190*u - 13486. Let v be b(-71). Give h(v).
-6
Suppose -8 + 2 = -3*o. Suppose -5*m = o*r - 20, -9 = -4*m - 2*r + 9. Let y(g) = -1 + 4*g - 4*g - g**m + 0 + 2*g. What is y(2)?
-1
Let r = -208 + 221. Suppose r*t - 38*t = 75. Let y(v) = -v**3 + 3*v - 2. Give y(t).
16
Let f(d) = -7*d + 50. Let a(l) = 5*l**2 - 79*l + 277. Let t be a(5). Calculate f(t).
1
Let b(n) = 9*n**2 + 47*n + 39. Let v be 50/(-10) + (-81)/(-99) + (-4)/(-22). Determine b(v).
-5
Let n(s) = 2*s - 22. Let l be (-297)/(-81)*(6 + -3 + 0). What is n(l)?
0
Let x(i) = -71800*i**3 + 143602*i**3 - 5 - 71803*i**3 + 15*i**2. Give x(15).
-5
Suppose -6*s = -79 + 25. Suppose -5*d + 5 = 0, s*d = -4*n + 10*d + 531. Let z = n - 136. Let x(f) = -4*f - 4. What is x(z)?
8
Let f(a) = a**2 - 5*a + 3. Let o = -151 + 143. Let h be -3 + (-23)/o - (-136)/64. Determine f(h).
-3
Let w(s) = -s**2 - 5*s. Suppose -104 = -5*l - 8*n + 4*n, -116 = -4*l + 5*n. Suppose -l = 11*a + 64. Calculate w(a).
-24
Let l(y) = 4*y**3 + 4*y**2 - 6*y + 3. Let o(v) = -11*v**3 - 13*v**2 + 17*v - 7. Let s(i) = -8*l(i) - 3*o(i). Calculate s(-6).
51
Let i = 34 - 39. Let x(m) = -4*m**2 - 23*m**2 - m - m**3 + 40*m**2 - 18*m**2 - 3. What is x(i)?
2
Suppose 19*u + 27 + 11 = 0. Let m(n) = 13 - 7 - 3 + 6*n + 5*n. Give m(u).
-19
Let z = -31 - -33. Let d(q) = 4*q - 2*q**2 - 2*q**z - 113 + 112 + q**2. What is d(3)?
-16
Let x be (-360)/60*1*(2 + (-5)/2). Let a(h) = 4*h + 4. Calculate a(x).
16
Let a(p) = p**3 - 4*p**2 - 5*p - 3. Suppose 16*s = 129 + 47. Suppose -18*m + s*m + 35 = 0. Give a(m).
-3
Let a(n) = n**2 - 12*n + 14. Let p be (-6 - -7)/(3/963) - 5. Let u be ((-6)/39)/1 + p/26. Determine a(u).
14
Let y be 72/30*(13 + -8). Let s(t) = -t**2 + 13*t - 12. What is s(y)?
0
Let m = 448 - 259. Suppose u = 4*u - m. Let a = -62 + u. Let o(y) = 21*y**2. Calculate o(a).
21
Let z(n) be the first derivative of -n**4/4 + 52*n**3/3 - 103*n**2/2 + 151*n + 10474. Determine z(50).
1
Let m(w) be the third derivative of 3*w**4/8 + 38*w**3/3 - 1589*w**2. Give m(-9).
-5
Let q(z) = 7*z + 2. Let p(t) = -3*t - 1. Let f(a) = -9*p(a) - 4*q(a). Let y be (-4)/8 - (-1370)/4. Let s = y - 336. Calculate f(s).
-5
Let d(h) be the first derivative of -h**4/4 + 7*h**3/3 - 4*h**2 + 2*h + 3172. Give d(5).
12
Let i = -4945 + 4947. Let z(u) be the second derivative of 6*u + 0 - i*u**2 - 1/3*u**3. Calculate z(-4).
4
Let t(s) = 116*s**3 + 106*s**3 - 326*s**3 - s**2 - 2 + 103*s**3. Determine t(-4).
46
Let u = -24 + 28. Suppose -61 = -2*l + 3*d, 0*l - 5*l = -u*d - 135. Let i(p) = -l*p + 24*p + 2*p**2 - 1 + 0*p**2. Calculate i(1).
2
Let t(r) = -10*r + 12. Suppose 85*f + 81*f - 22*f - 1152 = 0. Calculate t(f).
-68
Let v(i) = i**3 - 8*i**2 + 11*i + 5. Let k be v(6). Let m(o) = 6*o**2 + 14*o + 17. Let p(l) = -l**2 - l - 2. Let r(f) = k*m(f) - 5*p(f). What is r(-6)?
11
Let z(p) = 11*p + 4. Let w(c) = 12*c + 5. Let g(i) = -5*w(i) + 6*z(i). Let n(h) = -3*h**2 + 160*h - 52. Let b be n(53). What is g(b)?
5
Let s(l) be the second derivative of -7*l**3/6 - 33*l**2 + 2903*l. Give s(-18).
60
Let q = -429 + 434. Let o(g) be the third derivative of -1/60*g**q + 0 + 0*g + 1/24*g**4 + g**2 + 0*g**3. Give o(1).
0
Let t(c) = -2*c + 2. Suppose 2*j = -2*b - 16, 2*b - 6*b + 8 = -4*j. Let r(v) = -4 + 2 - v + 3 + 0*v. Let a(d) = j*r(d) + t(d). Determine a(-3).
-12
Let t(h) = -480*h + 438. Let z(y) = 175*y - 145. Let w(v) = -4*t(v) - 11*z(v). What is w(-29)?
-12
Let v(b) = -b. Let w(i) = i**2 + 7*i + 9. Let r be w(-6). Suppose 0 = -n - r, 5*n = -5*g - 23 + 8. What is v(g)?
0
Let s = -7703 + 7690. Let k(j) = -11*j - 130. Give k(s).
13
Let b(s) = 25*s**2 - 9. Let p(y) = -10*y**2 - 4 + 0 - 2*y**2 + 8. Let r(g) = 3*b(g) + 7*p(g). Calculate r(-1).
-8
Let k(d) = 5*d + 178. Let v be k(-28). Suppose -4*w + 45 = -5*a, v*w - a + 15 = 42*w. Let b(i) = i**2 - 6*i - 2. What is b(w)?
-7
Let d(l) be the first derivative of 65*l**4/4 - l**3/3 + l**2/2 + l + 16. Calculate d(-1).
-66
Suppose -b - 3*p = 4*b - 5, 5*p + 41 = 4*b. Let a be 70 - (b/(-4) + -3). Let f(o) = 3*o + a - 2*o - 66. Calculate f(-6).
2
Let m(r) = r**2 + 4*r - 4. Suppose -f + 38 = 2*g + 51, 3*g - 28 = 8*f. Calculate m(g).
-4
Let r(q) = -q**3 + q - 1. Let j(s) = 3*s**3 - 5*s**2 - 9*s + 4. Let d = -59 + 57. Let k(o) = d*r(o) - j(o). Suppose x = 2*u - x - 6, x = 2*u - 9. What is k(u)?
4
Suppose 0 = 4*b + 3*u - 28, 0 = 5*b + u - 4*u - 35. Let v(c) be the first derivative of -c**3/3 + 3*c**2 - 6*c + 8096. Determine v(b).
-13
Let n(f) = 3*f - 40. Let a be n(13). Let r(i) = i**2 + 103*i**3 - 31*i**3 - 33*i**3 + i - 30*i**3. What is r(a)?
-9
Let k(i) = 6*i**2. Let q be k(1). Let p(a) = -7*a**2 - 9*a - 8. Let d(f) = 19*f**2 + 27*f + 20. Let c(l) = -4*d(l) - 11*p(l). Give c(q).
-10
Suppose -r + 9 = -b, -4*r = 2*b + b - 22. Let j(a) = 7*a + 1 - 15*a + 3 + r*a. Determine j(-2).
6
Let a = 17 - 9. Suppose 0 = 2*s + a - 0. Let o(m) = -m**3 - 2*m**2 + 4*m + 4. Give o(s).
20
Let k(i) = i**2 - i - 6. Let f be k(-3). Suppose -f = 8*v + 82. Let w(p) = p**2 + 12*p + 8. Calculate w(v).
-3
Let v(t) be the first derivative of 15*t**2/2 + 2*t - 1169. Calculate v(-2).
-28
Let f(b) = -8*b - 23. Let s(c) = 19*c + 41. Let y(w) = -7*f(w) - 4*s(w). Determine y(-1).
17
Suppose -57 + 218 = 7*b. Let w(l) = 6 + b*l - 6 - 22*l. Let y(h) = -h**2 + 3*h - 2. Let t be y(3). Determine w(t).
-2
Let j(l) = 3*l**3 + 98*l**2 - 35*l - 65. Suppose 1038*b + 594 = 1020*b. Determine j(b).
1
Let b be 8/2 - (3 - (-2)/(-2)). Let z(a) = 4*a**2 - 148*a + 2*a**3 - 3*a**b + 147*a. Suppose 2*w - 2 = -0*w. Give z(w).
2
Let b = -3539 - -3534. Let w(r) = -r**2 - 6*r + 5. Determine w(b).
10
Let w(m) = -134 - 192 + 2*m + 344. What is w(-11)?
-4
Let y(m) = m - 46. Let h = -18044 + 18069. Determine y(h).
-21
Let z = -587 + 593. Suppose c + z = -x, 2*x = c - x + 10. Let l(g) = g**2 + 12*g + 6. Let m(d) = -d - 1. Let r(p) = 